5?
-43
What is 3 (base 14) in base 8?
3
11 (base 16) to base 5
32
0 (base 13) to base 8
0
Convert -3 (base 9) to base 11.
-3
What is 145 (base 8) in base 12?
85
What is 7 (base 14) in base 8?
7
Convert -23 (base 14) to base 3.
-1011
1c (base 16) to base 6
44
Convert 104 (base 6) to base 3.
1111
What is 151 (base 12) in base 8?
315
Convert 121 (base 3) to base 15.
11
11012 (base 3) to base 10
113
6 (base 7) to base 4
12
What is -1 (base 9) in base 6?
-1
What is -5 (base 7) in base 13?
-5
Convert -3000 (base 4) to base 6.
-520
Convert -58 (base 16) to base 2.
-1011000
-2 (base 9) to base 6
-2
Convert -1110101 (base 2) to base 12.
-99
Convert 1 (base 13) to base 8.
1
-422 (base 9) to base 13
-206
Convert -25 (base 8) to base 15.
-16
What is 3d (base 14) in base 8?
67
What is 0 (base 9) in base 13?
0
What is -553 (base 6) in base 13?
-135
What is -9 (base 16) in base 8?
-11
Convert 2 (base 10) to base 3.
2
-1c (base 13) to base 4
-121
98 (base 12) to base 16
74
What is 41 (base 7) in base 11?
27
What is 5 (base 12) in base 13?
5
What is -2 (base 13) in base 14?
-2
What is -3a (base 15) in base 4?
-313
-2 (base 9) to base 11
-2
Convert 110 (base 4) to base 8.
24
7 (base 10) to base 7
10
4 (base 13) to base 12
4
18 (base 15) to base 16
17
Convert 1001 (base 2) to base 16.
9
What is -13 (base 4) in base 10?
-7
4 (base 7) to base 10
4
Convert -6 (base 10) to base 2.
-110
What is -62 (base 14) in base 16?
-56
-10 (base 12) to base 10
-12
What is -430 (base 10) in base 6?
-1554
What is 10 (base 6) in base 16?
6
-13 (base 5) to base 7
-11
What is 3 (base 14) in base 11?
3
Convert -2 (base 7) to base 11.
-2
What is 0 (base 5) in base 10?
0
Convert 10212 (base 3) to base 6.
252
1011 (base 2) to base 5
21
-101 (base 8) to base 15
-45
-56 (base 7) to base 13
-32
What is -a (base 16) in base 9?
-11
Convert -6 (base 16) to base 4.
-12
Convert 15 (base 12) to base 15.
12
Convert -2 (base 9) to base 4.
-2
What is 100 (base 2) in base 9?
4
-58 (base 11) to base 3
-2100
0 (base 16) to base 15
0
a (base 13) to base 12
a
102 (base 3) to base 11
10
What is 9 (base 12) in base 2?
1001
Convert -1132 (base 6) to base 2.
-100010000
Convert -3 (base 6) to base 10.
-3
Convert -1 (base 5) to base 2.
-1
70 (base 15) to base 2
1101001
0 (base 8) to base 9
0
Convert 340 (base 5) to base 4.
1133
-2 (base 15) to base 10
-2
Convert 45 (base 13) to base 4.
321
What is 305 (base 8) in base 14?
101
What is -122 (base 5) in base 12?
-31
-21 (base 7) to base 13
-12
1 (base 10) to base 6
1
0 (base 4) to base 3
0
What is 1 (base 5) in base 15?
1
1 (base 4) to base 10
1
3 (base 6) to base 7
3
What is -10 (base 3) in base 12?
-3
What is 5 (base 12) in base 3?
12
Convert -204 (base 6) to base 4.
-1030
Convert 11 (base 5) to base 14.
6
Convert 0 (base 6) to base 13.
0
What is -44 (base 6) in base 7?
-40
What is 1 (base 11) in base 5?
1
Convert -2b (base 13) to base 4.
-211
30 (base 5) to base 8
17
What is 33 (base 9) in base 7?
42
-112 (base 4) to base 3
-211
What is -100 (base 9) in base 7?
-144
24 (base 12) to base 2
11100
What is -21 (base 7) in base 4?
-33
What is -8 (base 9) in base 7?
-11
7 (base 11) to base 16
7
What is -7 (base 14) in base 10?
-7
Convert 13 (base 6) to base 12.
9
-1b (base 14) to base 3
-221
-111 (base 6) to base 13
-34
-1 (base 6) to base 2
-1
101 (base 3) to base 5
20
Convert 8 (base 15) to base 3.
22
-1 (base 4) to base 16
-1
What is 11010 (base 2) in base 13?
20
What is 2 (base 13) in base 3?
2
-100 (base 13) to base 6
-441
What is -2 (base 16) in base 2?
-10
What is -1100 (base 2) in base 8?
-14
Convert 11 (base 2) to base 11.
3
Convert -59 (base 14) to base 13.
-61
Convert -31a (base 11) to base 13.
-237
1 (base 15) to base 9
1
What is 1024 (base 5) in base 10?
139
Convert 32 (base 4) to base 8.
16
1011111 (base 2) to base 15
65
-10021 (base 3) to base 15
-5d
0 (base 7) to base 6
0
Convert 13 (base 8) to base 10.
11
Convert 12 (base 10) to base 11.
11
Convert -30 (base 8) to base 4.
-120
What is -321 (base 4) in base 11?
-52
What is -2 (base 15) in base 14?
-2
c (base 13) to base 11
11
Convert 62 (base 13) to base 16.
50
Convert 9 (base 16) to base 3.
100
100 (base 3) to base 15
9
What is -2 (base 13) in base 7?
-2
What is 2 (base 7) in base 12?
2
3 (base 9) to base 4
3
13 (base 5) to base 11
8
Convert 5 (base 9) to base 10.
5
100010 (base 2) to base 7
46
1 (base 16) to base 5
1
Convert -3 (base 9) to base 14.
-3
-1000 (base 2) to base 14
-8
What is -2 (base 8) in base 11?
-2
Convert b0 (base 12) to base 7.
246
What is 2 (base 14) in base 16?
2
230 (base 4) to base 15
2e
What is 10 (base 2) in base 6?
2
0 (base 13) to base 8
0
What is 38 (base 9) in base 11?
32
Convert -3c (base 13) to base 5.
-201
What is -17 (base 9) in base 15?
-11
What is 8 (base 11) in base 6?
12
243 (base 5) to base 8
111
-52 (base 8) to base 12
-36
Convert 21a (base 11) to base 15.
128
Convert -4 (base 5) to base 16.
-4
Convert -145 (base 7) to base 9.
-101
-1 (base 8) to base 12
-1
Convert 0 (base 11) to base 9.
0
Convert 17 (base 11) to base 7.
24
-3 (base 15) to base 12
-3
What is 203 (base 6) in base 16?
4b
15 (base 9) to base 10
14
-6 (base 14) to base 5
-11
What is 2 (base 15) in base 9?
2
What is -3 (base 12) in base 6?
-3
What is -14 (base 6) in base 8?
-12
What is -22 (base 11) in base 10?
-24
What is -51 (base 13) in base 9?
-73
-121 (base 4) to base 15
-1a
-3 (base 6) to base 13
-3
210 (base 4) to base 14
28
What is -4 (base 14) in base 6?
-4
Convert -3222 (base 4) to base 6.
-1030
Convert 16 (base 8) to base 7.
20
What is -1 (base 4) in base 3?
-1
-5 (base 12) to base 10
-5
22 (base 7) to base 16
10
162 (base 9) to base 7
254
-11 (base 5) to base 9
-6
What is 3 (base 11) in base 7?
3
Convert 3 (base 10) to base 16.
3
Convert -32 (base 5) to base 7.
-23
Convert -4 (base 13) to base 8.
-4
Convert 44 (base 10) to base 8.
54
What is b (base 13) in base 12?
b
What is -22 (base 14) in base 10?
-30
What is -5 (base 15) in base 8?
-5
Convert 1020 (base 4) to base 13.
57
What is 43 (base 8) in base 11?
32
Convert -2 (base 9) to base 8.
-2
-212 (base 4) to base 11
-35
Convert 2110 (base 4) to base 2.
10010100
Convert -12012 (base 3) to base 9.
-165
Convert 1 (base 9) to base 13.
1
What is 3 (base 5) in base 2?
11
What is -1 (base 4) in base 9?
-1
What is -4 (base 14) in base 11?
-4
Convert 13 (base 6) to base 13.
9
Convert -15 (base 8) to base 12.
-11
What is -201 (base 3) in base 11?
-18
Convert -19 (base 12) to base 3.
-210
Convert 101 (base 5) to base 11.
24
1 (base 10) to base 12
1
What is 20 (base 11) in base 7?
31
What is -1 (base 2) in base 10?
-1
Convert 0 (base 5) to base 9.
0
Convert -14 (base 8) to base 6.
-20
36 (base 16) to base 6
130
What is 85 (base 14) in base 7?
225
Convert 6 (base 15) to base 3.
20
20 (base 5) to base 10
10
Convert 0 (base 15) to base 16.
0
Convert 2 (base 8) to base 11.
2
-3 (base 5) to base 7
-3
4 (base 5) to base 8
4
a7 (base 13) to base 8
211
Convert -10300 (base 4) to base 6.
-1224
Convert 5 (base 12) to base 4.
11
Convert 2d (base 15) to base 14.
31
Convert 100 (base 5) to base 3.
221
Convert 442 (base 7) to base 8.
342
Convert -e (base 16) to base 12.
-12
-5 (base 8) to base 9
-5
Convert c (base 13) to base 3.
110
What is 20020 (base 3) in base 13?
cc
1100 (base 2) to base 5
22
What is a (base 12) in base 15?
a
What is 3 (base 13) in base 8?
3
Convert -6 (base 11) to base 9.
-6
Convert 14 (base 9) to base 11.
12
What is 0 (base 7) in base 6?
0
What is 1 (base 13) in base 15?
1
Convert -1 (base 11) to base 15.
-1
Convert 31 (base 10) to base 9.
34
2 (base 12) to base 14
2
What is 1012 (base 5) in base 10?
132
Convert -17 (base 16) to base 7.
-32
What is 0 (base 4) in base 16?
0
-4 (base 8) to base 4
-10
3 (base 7) to base 16
3
What is -31 (base 7) in base 9?
-24
What is -26 (base 15) in base 13?
-2a
4 (base 16) to base 12
4
What is -42 (base 16) in base 13?
-51
Convert -3 (base 13) to base 3.
-10
-3 (base 14) to base 3
-10
-50 (base 15) to base 5
-300
-3 (base 6) to base 7
-3
Convert 11 (base 3) to base 4.
10
Convert -242 (base 5) to base 13.
-57
What is -48 (base 9) in base 11?
-40
2 (base 12) to base 15
2
Convert 4 (base 11) to base 6.
4
What is -37 (base 12) in base 16?
-2b
What is -101 (base 3) in base 7?
-13
-105 (base 7) to base 15
-